{"id":147,"date":"2021-07-06T18:35:18","date_gmt":"2021-07-06T16:35:18","guid":{"rendered":"http:\/\/cjrrlje.cluster029.hosting.ovh.net\/?page_id=147"},"modified":"2025-09-19T12:17:12","modified_gmt":"2025-09-19T10:17:12","slug":"sa-biographie","status":"publish","type":"page","link":"https:\/\/jacky-craissac.fr\/index.php\/sa-biographie\/","title":{"rendered":"Sa biographie"},"content":{"rendered":"\n<h3 class=\"wp-block-heading has-text-align-center has-vivid-red-color has-text-color\">\u00ab\u00a0<em>Suivre son chemin, ce n&rsquo;est pas le programmer.<\/em>\u00a0\u00bb Jacky Craissac<\/h3>\n\n\n\n<h2 class=\"wp-block-heading\"><\/h2>\n\n\n\n<p>Plac\u00e9 sous le signe de la musique et de la libert\u00e9, le parcours de vie de Jacky Craissac est profond\u00e9ment marqu\u00e9 par les origines de sa famille maternelle, une enfance singuli\u00e8re ainsi qu\u2019un engagement artistique et p\u00e9dagogique guid\u00e9 par son hypersensibilit\u00e9 et sa qu\u00eate permanente d\u2019un son int\u00e9rieur authentique.<br><br><a href=\"https:\/\/jacky-craissac.fr\/index.php\/lartiste\/\">L&rsquo;artiste&#8230;Et c\u2019est \u00e0 partir des ann\u00e9es 70 que son engagement et sa qu\u00eate d\u2019un son int\u00e9rieur le guident vers l\u2019acoustique des mat\u00e9riaux, des harmoniques, des infra basses et des m\u00e9lodies.<\/a><\/p>\n\n\n\n<p><a href=\"https:\/\/jacky-craissac.fr\/index.php\/le-pedagogue\/\">Le p\u00e9dagogue&#8230;<em>un travail artistique de l\u2019humain<\/em> qu\u2019il d\u00e9veloppera dans son \u00e9cole d\u2019expression artistique de transmission orale par le son et le rythme dans le Sud Ouest de la France de 1970 \u00e0 2010.<\/a><\/p>\n\n\n\n<p><\/p>\n\n\n\n<h2 class=\"wp-block-heading\"><\/h2>\n\n\n\n<p><\/p>\n","protected":false},"excerpt":{"rendered":"<p>\u00ab\u00a0Suivre son chemin, ce n&rsquo;est pas le programmer.\u00a0\u00bb Jacky Craissac Plac\u00e9 sous le signe de la musique et de la libert\u00e9, le parcours de vie de Jacky Craissac est profond\u00e9ment marqu\u00e9 par les origines de sa famille maternelle, une enfance singuli\u00e8re ainsi qu\u2019un engagement artistique et p\u00e9dagogique guid\u00e9 par son hypersensibilit\u00e9 et sa qu\u00eate permanente &hellip; <\/p>\n<p class=\"link-more\"><a href=\"https:\/\/jacky-craissac.fr\/index.php\/sa-biographie\/\" class=\"more-link\">Continuer la lecture<span class=\"screen-reader-text\"> de &laquo;&nbsp;Sa biographie&nbsp;&raquo;<\/span><\/a><\/p>\n","protected":false},"author":1,"featured_media":0,"parent":0,"menu_order":0,"comment_status":"closed","ping_status":"closed","template":"","meta":{"footnotes":""},"class_list":["post-147","page","type-page","status-publish","hentry"],"yoast_head":"<!-- This site is optimized with the Yoast SEO plugin v27.3 - https:\/\/yoast.com\/product\/yoast-seo-wordpress\/ -->\n<title>Sa biographie - Jacky Craissac<\/title>\n<meta name=\"robots\" content=\"index, follow, max-snippet:-1, max-image-preview:large, max-video-preview:-1\" \/>\n<link rel=\"canonical\" href=\"https:\/\/jacky-craissac.fr\/index.php\/sa-biographie\/\" \/>\n<meta property=\"og:locale\" content=\"fr_FR\" \/>\n<meta property=\"og:type\" content=\"article\" \/>\n<meta property=\"og:title\" content=\"Sa biographie - Jacky Craissac\" \/>\n<meta property=\"og:description\" content=\"\u00ab\u00a0Suivre son chemin, ce n&rsquo;est pas le programmer.\u00a0\u00bb Jacky Craissac Plac\u00e9 sous le signe de la musique et de la libert\u00e9, le parcours de vie de Jacky Craissac est profond\u00e9ment marqu\u00e9 par les origines de sa famille maternelle, une enfance singuli\u00e8re ainsi qu\u2019un engagement artistique et p\u00e9dagogique guid\u00e9 par son hypersensibilit\u00e9 et sa qu\u00eate permanente &hellip; Continuer la lecture de &laquo;&nbsp;Sa biographie&nbsp;&raquo;\" \/>\n<meta property=\"og:url\" content=\"https:\/\/jacky-craissac.fr\/index.php\/sa-biographie\/\" \/>\n<meta property=\"og:site_name\" content=\"Jacky Craissac\" \/>\n<meta property=\"article:publisher\" content=\"https:\/\/www.facebook.com\/Lesamisdumaitrepercussionnistejackycraissac\" \/>\n<meta property=\"article:modified_time\" content=\"2025-09-19T10:17:12+00:00\" \/>\n<meta name=\"twitter:card\" content=\"summary_large_image\" \/>\n<meta name=\"twitter:label1\" content=\"Dur\u00e9e de lecture estim\u00e9e\" \/>\n\t<meta name=\"twitter:data1\" content=\"1 minute\" \/>\n<script type=\"application\/ld+json\" class=\"yoast-schema-graph\">{\"@context\":\"https:\\\/\\\/schema.org\",\"@graph\":[{\"@type\":\"WebPage\",\"@id\":\"https:\\\/\\\/jacky-craissac.fr\\\/index.php\\\/sa-biographie\\\/\",\"url\":\"https:\\\/\\\/jacky-craissac.fr\\\/index.php\\\/sa-biographie\\\/\",\"name\":\"Sa biographie - Jacky Craissac\",\"isPartOf\":{\"@id\":\"https:\\\/\\\/jacky-craissac.fr\\\/#website\"},\"datePublished\":\"2021-07-06T16:35:18+00:00\",\"dateModified\":\"2025-09-19T10:17:12+00:00\",\"breadcrumb\":{\"@id\":\"https:\\\/\\\/jacky-craissac.fr\\\/index.php\\\/sa-biographie\\\/#breadcrumb\"},\"inLanguage\":\"fr-FR\",\"potentialAction\":[{\"@type\":\"ReadAction\",\"target\":[\"https:\\\/\\\/jacky-craissac.fr\\\/index.php\\\/sa-biographie\\\/\"]}]},{\"@type\":\"BreadcrumbList\",\"@id\":\"https:\\\/\\\/jacky-craissac.fr\\\/index.php\\\/sa-biographie\\\/#breadcrumb\",\"itemListElement\":[{\"@type\":\"ListItem\",\"position\":1,\"name\":\"Accueil\",\"item\":\"https:\\\/\\\/jacky-craissac.fr\\\/\"},{\"@type\":\"ListItem\",\"position\":2,\"name\":\"Sa biographie\"}]},{\"@type\":\"WebSite\",\"@id\":\"https:\\\/\\\/jacky-craissac.fr\\\/#website\",\"url\":\"https:\\\/\\\/jacky-craissac.fr\\\/\",\"name\":\"Jacky Craissac\",\"description\":\" \",\"potentialAction\":[{\"@type\":\"SearchAction\",\"target\":{\"@type\":\"EntryPoint\",\"urlTemplate\":\"https:\\\/\\\/jacky-craissac.fr\\\/?s={search_term_string}\"},\"query-input\":{\"@type\":\"PropertyValueSpecification\",\"valueRequired\":true,\"valueName\":\"search_term_string\"}}],\"inLanguage\":\"fr-FR\"}]}<\/script>\n<!-- \/ Yoast SEO plugin. -->","yoast_head_json":{"title":"Sa biographie - Jacky Craissac","robots":{"index":"index","follow":"follow","max-snippet":"max-snippet:-1","max-image-preview":"max-image-preview:large","max-video-preview":"max-video-preview:-1"},"canonical":"https:\/\/jacky-craissac.fr\/index.php\/sa-biographie\/","og_locale":"fr_FR","og_type":"article","og_title":"Sa biographie - Jacky Craissac","og_description":"\u00ab\u00a0Suivre son chemin, ce n&rsquo;est pas le programmer.\u00a0\u00bb Jacky Craissac Plac\u00e9 sous le signe de la musique et de la libert\u00e9, le parcours de vie de Jacky Craissac est profond\u00e9ment marqu\u00e9 par les origines de sa famille maternelle, une enfance singuli\u00e8re ainsi qu\u2019un engagement artistique et p\u00e9dagogique guid\u00e9 par son hypersensibilit\u00e9 et sa qu\u00eate permanente &hellip; Continuer la lecture de &laquo;&nbsp;Sa biographie&nbsp;&raquo;","og_url":"https:\/\/jacky-craissac.fr\/index.php\/sa-biographie\/","og_site_name":"Jacky Craissac","article_publisher":"https:\/\/www.facebook.com\/Lesamisdumaitrepercussionnistejackycraissac","article_modified_time":"2025-09-19T10:17:12+00:00","twitter_card":"summary_large_image","twitter_misc":{"Dur\u00e9e de lecture estim\u00e9e":"1 minute"},"schema":{"@context":"https:\/\/schema.org","@graph":[{"@type":"WebPage","@id":"https:\/\/jacky-craissac.fr\/index.php\/sa-biographie\/","url":"https:\/\/jacky-craissac.fr\/index.php\/sa-biographie\/","name":"Sa biographie - Jacky Craissac","isPartOf":{"@id":"https:\/\/jacky-craissac.fr\/#website"},"datePublished":"2021-07-06T16:35:18+00:00","dateModified":"2025-09-19T10:17:12+00:00","breadcrumb":{"@id":"https:\/\/jacky-craissac.fr\/index.php\/sa-biographie\/#breadcrumb"},"inLanguage":"fr-FR","potentialAction":[{"@type":"ReadAction","target":["https:\/\/jacky-craissac.fr\/index.php\/sa-biographie\/"]}]},{"@type":"BreadcrumbList","@id":"https:\/\/jacky-craissac.fr\/index.php\/sa-biographie\/#breadcrumb","itemListElement":[{"@type":"ListItem","position":1,"name":"Accueil","item":"https:\/\/jacky-craissac.fr\/"},{"@type":"ListItem","position":2,"name":"Sa biographie"}]},{"@type":"WebSite","@id":"https:\/\/jacky-craissac.fr\/#website","url":"https:\/\/jacky-craissac.fr\/","name":"Jacky Craissac","description":" ","potentialAction":[{"@type":"SearchAction","target":{"@type":"EntryPoint","urlTemplate":"https:\/\/jacky-craissac.fr\/?s={search_term_string}"},"query-input":{"@type":"PropertyValueSpecification","valueRequired":true,"valueName":"search_term_string"}}],"inLanguage":"fr-FR"}]}},"_links":{"self":[{"href":"https:\/\/jacky-craissac.fr\/index.php\/wp-json\/wp\/v2\/pages\/147","targetHints":{"allow":["GET"]}}],"collection":[{"href":"https:\/\/jacky-craissac.fr\/index.php\/wp-json\/wp\/v2\/pages"}],"about":[{"href":"https:\/\/jacky-craissac.fr\/index.php\/wp-json\/wp\/v2\/types\/page"}],"author":[{"embeddable":true,"href":"https:\/\/jacky-craissac.fr\/index.php\/wp-json\/wp\/v2\/users\/1"}],"replies":[{"embeddable":true,"href":"https:\/\/jacky-craissac.fr\/index.php\/wp-json\/wp\/v2\/comments?post=147"}],"version-history":[{"count":265,"href":"https:\/\/jacky-craissac.fr\/index.php\/wp-json\/wp\/v2\/pages\/147\/revisions"}],"predecessor-version":[{"id":2927,"href":"https:\/\/jacky-craissac.fr\/index.php\/wp-json\/wp\/v2\/pages\/147\/revisions\/2927"}],"wp:attachment":[{"href":"https:\/\/jacky-craissac.fr\/index.php\/wp-json\/wp\/v2\/media?parent=147"}],"curies":[{"name":"wp","href":"https:\/\/api.w.org\/{rel}","templated":true}]}}